the prime factors of 652186.
2, 59, 5527
What are the prime factors of 277329?
3, 13, 547
What are the prime factors of 15472167?
3, 29, 177841
List the prime factors of 1987992.
2, 3, 27611
List the prime factors of 696223.
11, 167, 379
What are the prime factors of 2156848?
2, 23, 5861
List the prime factors of 54911.
43, 1277
What are the prime factors of 2118655?
5, 7, 11, 5503
List the prime factors of 37962556.
2, 41, 231479
What are the prime factors of 10419998?
2, 5209999
List the prime factors of 165066.
2, 3, 11, 41, 61
List the prime factors of 19846097.
37, 673, 797
List the prime factors of 4521124.
2, 1130281
What are the prime factors of 3477813?
3, 1159271
List the prime factors of 15414301.
7, 19, 23, 5039
What are the prime factors of 8960788?
2, 2240197
List the prime factors of 14917303.
14917303
What are the prime factors of 32508?
2, 3, 7, 43
List the prime factors of 160169.
160169
List the prime factors of 1342994.
2, 151, 4447
List the prime factors of 16716505.
5, 13, 257177
List the prime factors of 4144181.
4144181
List the prime factors of 2220021.
3, 82223
List the prime factors of 3329051.
11, 127, 2383
List the prime factors of 892618.
2, 446309
List the prime factors of 1325909.
13, 29, 3517
List the prime factors of 2632245.
3, 5, 7, 11, 43, 53
What are the prime factors of 11152533?
3, 7, 41, 12953
List the prime factors of 22515808.
2, 7, 100517
List the prime factors of 1352610.
2, 3, 5, 7, 19, 113
List the prime factors of 98552.
2, 97, 127
What are the prime factors of 817348?
2, 7, 29191
What are the prime factors of 269249?
19, 37, 383
What are the prime factors of 217128?
2, 3, 83, 109
List the prime factors of 326967.
3, 73, 1493
List the prime factors of 56698.
2, 28349
What are the prime factors of 365101?
11, 33191
What are the prime factors of 3995872?
2, 193, 647
List the prime factors of 205285.
5, 41057
List the prime factors of 1495354.
2, 7, 17, 61, 103
What are the prime factors of 450952?
2, 56369
What are the prime factors of 1406017?
127, 11071
What are the prime factors of 989386?
2, 494693
What are the prime factors of 4149589?
4149589
List the prime factors of 24811181.
23, 157, 6871
What are the prime factors of 232084?
2, 17, 3413
List the prime factors of 269263.
17, 47, 337
What are the prime factors of 1195404?
2, 3, 7, 19, 107
What are the prime factors of 360498?
2, 3, 60083
What are the prime factors of 549567?
3, 227, 269
List the prime factors of 2743116.
2, 3, 228593
What are the prime factors of 443551?
443551
List the prime factors of 2137585.
5, 427517
What are the prime factors of 341243?
7, 29, 41
What are the prime factors of 239797?
37, 6481
List the prime factors of 20058417.
3, 2228713
What are the prime factors of 88920?
2, 3, 5, 13, 19
What are the prime factors of 467251?
71, 6581
List the prime factors of 586117.
7, 31, 37, 73
What are the prime factors of 1681845?
3, 5, 11, 10193
What are the prime factors of 2004309?
3, 79, 2819
List the prime factors of 2435817.
3, 101, 8039
What are the prime factors of 1880219?
11, 41, 379
What are the prime factors of 887738?
2, 443869
What are the prime factors of 1001129?
19, 52691
List the prime factors of 4234862.
2, 2117431
What are the prime factors of 147086?
2, 251, 293
List the prime factors of 717667.
717667
List the prime factors of 3488124.
2, 3, 290677
List the prime factors of 349381.
349381
List the prime factors of 1433386.
2, 716693
What are the prime factors of 350993?
373, 941
What are the prime factors of 390035?
5, 78007
What are the prime factors of 12794093?
13, 109, 9029
What are the prime factors of 3734024?
2, 7, 131, 509
What are the prime factors of 249049?
271, 919
List the prime factors of 4611577.
179, 25763
What are the prime factors of 1826422?
2, 13, 199, 353
List the prime factors of 987621.
3, 329207
List the prime factors of 3391986.
2, 3, 13, 43487
What are the prime factors of 259315?
5, 7, 31, 239
List the prime factors of 14561988.
2, 3, 7, 173357
List the prime factors of 2174304.
2, 3, 11, 29, 71
What are the prime factors of 1050028?
2, 7, 37501
What are the prime factors of 141929?
71, 1999
List the prime factors of 1757319.
3, 643, 911
What are the prime factors of 36467459?
7, 37, 103, 1367
List the prime factors of 5915910.
2, 3, 5, 7, 11, 13, 197
What are the prime factors of 3586853?
3586853
List the prime factors of 24486757.
337, 72661
What are the prime factors of 5777?
53, 109
List the prime factors of 126074.
2, 13, 373
What are the prime factors of 394429?
7, 29, 67
What are the prime factors of 36203?
41, 883
What are the prime factors of 70395?
3, 5, 13, 19
What are the prime factors of 6499144?
2, 812393
What are the prime factors of 2848806?
2, 3, 101, 1567
What are the prime factors of 1195393?
199, 6007
List the prime factors of 6802482.
2, 3, 17, 3923
What are the prime factors of 632827?
13, 48679
What are the prime factors of 3979757?
29, 37, 3709
List the prime factors of 7029479.
7029479
What are the prime factors of 1712746?
2, 7, 17477
List the prime factors of 1437238.
2, 11, 5939
List the prime factors of 3625925.
5, 145037
What are the prime factors of 25340497?
7, 13, 5683
List the prime factors of 9800710.
2, 5, 980071
List the prime factors of 1097547.
3, 11, 79, 421
List the prime factors of 124056.
2, 3, 1723
What are the prime factors of 57942?
2, 3, 29, 37
List the prime factors of 7976431.
1301, 6131
List the prime factors of 994256.
2, 62141
What are the prime factors of 3734016?
2, 3, 11, 13, 17
List the prime factors of 7612524.
2, 3, 103, 2053
What are the prime factors of 2554654?
2, 571, 2237
What are the prime factors of 361433?
361433
List the prime factors of 5607986.
2, 1163, 2411
List the prime factors of 543984.
2, 3, 7, 1619
What are the prime factors of 459073?
83, 5531
List the prime factors of 24030.
2, 3, 5, 89
What are the prime factors of 6058312?
2, 13, 4481
What are the prime factors of 1544944?
2, 223, 433
List the prime factors of 8404295.
5, 1680859
List the prime factors of 4681.
31, 151
List the prime factors of 66930.
2, 3, 5, 23, 97
What are the prime factors of 1129632?
2, 3, 7, 41
What are the prime factors of 113591?
113591
List the prime factors of 357402.
2, 3, 59567
List the prime factors of 3011841.
3, 7, 47807
What are the prime factors of 743720?
2, 5, 18593
What are the prime factors of 9690730?
2, 5, 7, 19777
What are the prime factors of 23294819?
163, 241, 593
List the prime factors of 1341137.
7, 283, 677
List the prime factors of 1763978.
2, 103, 8563
List the prime factors of 3557567.
13, 131, 2089
List the prime factors of 62515.
5, 12503
What are the prime factors of 962278?
2, 29, 47, 353
List the prime factors of 207786.
2, 3, 34631
List the prime factors of 6938899.
11, 127, 4967
List the prime factors of 1514169.
3, 83, 2027
What are the prime factors of 12589516?
2, 157, 20047
What are the prime factors of 1585710?
2, 3, 5, 7, 839
List the prime factors of 56171.
56171
List the prime factors of 264850.
2, 5, 5297
List the prime factors of 2051256.
2, 3, 85469
What are the prime factors of 2272772?
2, 568193
List the prime factors of 16992404.
2, 11, 13, 61, 487
What are the prime factors of 1581?
3, 17, 31
What are the prime factors of 2701385?
5, 17, 61, 521
What are the prime factors of 233153?
107, 2179
List the prime factors of 1966218.
2, 3, 43, 7621
What are the prime factors of 11937735?
3, 5, 311, 853
List the prime factors of 2570918.
2, 7, 183637
What are the prime factors of 33692275?
5, 179, 7529
What are the prime factors of 2794014?
2, 3, 5749
What are the prime factors of 1466516?
2, 229, 1601
What are the prime factors of 284753?
7, 19, 2141
List the prime factors of 60945.
3, 5, 17, 239
List the prime factors of 189118.
2, 94559
List the prime factors of 142148.
2, 35537
List the prime factors of 14108184.
2, 3, 19, 10313
List the prime factors of 341004.
2, 3, 157, 181
What are the prime factors of 246216?
2, 3, 10259
What are the prime factors of 3518981?
3518981
What are the prime factors of 782131?
7, 111733
List the prime factors of 1203604.
2, 239, 1259
List the prime factors of 193421.
127, 1523
What are the prime factors of 116609?
29, 4021
What are the prime fact